{"id":1416,"date":"2024-04-15T16:23:59","date_gmt":"2024-04-15T14:23:59","guid":{"rendered":"http:\/\/atelierlabarbue.com\/?page_id=1416"},"modified":"2024-04-16T16:25:41","modified_gmt":"2024-04-16T14:25:41","slug":"fabrication-dun-meuble-sur-mesure-pour-la-maison-du-projet","status":"publish","type":"page","link":"https:\/\/atelierlabarbue.com\/index.php\/fabrication-dun-meuble-sur-mesure-pour-la-maison-du-projet\/","title":{"rendered":"Fabrication d&rsquo;un meuble sur mesure pour la Maison du Projet"},"content":{"rendered":"\n<p><a href=\"https:\/\/rennes-maurepas.fr\/la-maison-du-projet\">La Maison du Projet de Maurepas<\/a> m&rsquo;a confi\u00e9 ce projet de fabrication d&rsquo;un meuble sur mesure pour r\u00e9pondre \u00e0 leurs besoins de pr\u00e9sentation et de stockage. <br>La conception de ce mobilier s&rsquo;adapte aux contraintes du local de la maison du projet et aux besoins de ses utilisateurs. <br>Ainsi, ce meuble est assez grand pour contenir le mat\u00e9riel de pr\u00e9sentation des projets, une maquette de pr\u00e9sentation du quartier de Maurepas, une tablette de travail r\u00e9tractable et des compartiments \u00ab\u00a0range documents\u00a0\u00bb et \u00ab\u00a0vide poche\u00a0\u00bb. <br>Mais surtout il est mobile, ce qui permet au local de la Maison du Projet d&rsquo;\u00eatre facilement modulable.<\/p>\n\n\n\n<figure class=\"wp-block-image size-large\"><img loading=\"lazy\" decoding=\"async\" width=\"819\" height=\"1024\" src=\"http:\/\/atelierlabarbue.com\/wp-content\/uploads\/2024\/04\/vue-avec-roues-819x1024.jpg\" alt=\"\" class=\"wp-image-1417\" srcset=\"https:\/\/atelierlabarbue.com\/wp-content\/uploads\/2024\/04\/vue-avec-roues-819x1024.jpg 819w, https:\/\/atelierlabarbue.com\/wp-content\/uploads\/2024\/04\/vue-avec-roues-240x300.jpg 240w, https:\/\/atelierlabarbue.com\/wp-content\/uploads\/2024\/04\/vue-avec-roues-768x960.jpg 768w, https:\/\/atelierlabarbue.com\/wp-content\/uploads\/2024\/04\/vue-avec-roues-1229x1536.jpg 1229w, https:\/\/atelierlabarbue.com\/wp-content\/uploads\/2024\/04\/vue-avec-roues-1638x2048.jpg 1638w, https:\/\/atelierlabarbue.com\/wp-content\/uploads\/2024\/04\/vue-avec-roues-1170x1463.jpg 1170w, https:\/\/atelierlabarbue.com\/wp-content\/uploads\/2024\/04\/vue-avec-roues-scaled.jpg 2048w\" sizes=\"auto, (max-width: 819px) 100vw, 819px\" \/><figcaption class=\"wp-element-caption\">Meuble fabriqu\u00e9 sur mesure &#8211; Maison du Projet de Maurepas<\/figcaption><\/figure>\n\n\n\n<h2 class=\"wp-block-heading has-medium-font-size\">De la conception \u00e0 la fabrication :<\/h2>\n\n\n\n<p>Dans la partie sup\u00e9rieure du meuble, des casiers de rangements sont con\u00e7us pour les documents et petits mat\u00e9riels de travail. De chaque c\u00f4t\u00e9 du meubles, des vides-poches sont cr\u00e9\u00e9s \u00e0 la demande du client. <br>Enfin, sur le plateau sup\u00e9rieur, un rebord est pr\u00e9vu pour \u00e9viter tout risque de chute de la maquette repr\u00e9sentant le quartier de Maurepas (voir photo \u00ab\u00a0vue in situ\u00a0\u00bb ci-dessous).<\/p>\n\n\n\n<div class=\"wp-block-columns is-layout-flex wp-container-core-columns-is-layout-28f84493 wp-block-columns-is-layout-flex\">\n<div class=\"wp-block-column is-layout-flow wp-block-column-is-layout-flow\">\n<figure class=\"wp-block-image size-large\"><img loading=\"lazy\" decoding=\"async\" width=\"819\" height=\"1024\" src=\"http:\/\/atelierlabarbue.com\/wp-content\/uploads\/2024\/04\/vue-in-situe-solo-819x1024.jpg\" alt=\"\" class=\"wp-image-1418\" srcset=\"https:\/\/atelierlabarbue.com\/wp-content\/uploads\/2024\/04\/vue-in-situe-solo-819x1024.jpg 819w, https:\/\/atelierlabarbue.com\/wp-content\/uploads\/2024\/04\/vue-in-situe-solo-240x300.jpg 240w, https:\/\/atelierlabarbue.com\/wp-content\/uploads\/2024\/04\/vue-in-situe-solo-768x960.jpg 768w, https:\/\/atelierlabarbue.com\/wp-content\/uploads\/2024\/04\/vue-in-situe-solo-1229x1536.jpg 1229w, https:\/\/atelierlabarbue.com\/wp-content\/uploads\/2024\/04\/vue-in-situe-solo-1638x2048.jpg 1638w, https:\/\/atelierlabarbue.com\/wp-content\/uploads\/2024\/04\/vue-in-situe-solo-1170x1463.jpg 1170w, https:\/\/atelierlabarbue.com\/wp-content\/uploads\/2024\/04\/vue-in-situe-solo-scaled.jpg 2048w\" sizes=\"auto, (max-width: 819px) 100vw, 819px\" \/><figcaption class=\"wp-element-caption\">Vue in situ du meuble &#8211; Maison du Projet de Maurepas<\/figcaption><\/figure>\n<\/div>\n\n\n\n<div class=\"wp-block-column is-layout-flow wp-block-column-is-layout-flow\">\n<figure class=\"wp-block-image size-large\"><img loading=\"lazy\" decoding=\"async\" width=\"819\" height=\"1024\" src=\"http:\/\/atelierlabarbue.com\/wp-content\/uploads\/2024\/04\/Vue-in-situ--819x1024.jpg\" alt=\"\" class=\"wp-image-1419\" srcset=\"https:\/\/atelierlabarbue.com\/wp-content\/uploads\/2024\/04\/Vue-in-situ--819x1024.jpg 819w, https:\/\/atelierlabarbue.com\/wp-content\/uploads\/2024\/04\/Vue-in-situ--240x300.jpg 240w, https:\/\/atelierlabarbue.com\/wp-content\/uploads\/2024\/04\/Vue-in-situ--768x960.jpg 768w, https:\/\/atelierlabarbue.com\/wp-content\/uploads\/2024\/04\/Vue-in-situ--1229x1536.jpg 1229w, https:\/\/atelierlabarbue.com\/wp-content\/uploads\/2024\/04\/Vue-in-situ--1639x2048.jpg 1639w, https:\/\/atelierlabarbue.com\/wp-content\/uploads\/2024\/04\/Vue-in-situ--1170x1462.jpg 1170w, https:\/\/atelierlabarbue.com\/wp-content\/uploads\/2024\/04\/Vue-in-situ--scaled.jpg 2048w\" sizes=\"auto, (max-width: 819px) 100vw, 819px\" \/><figcaption class=\"wp-element-caption\">Vue in situ du meuble &#8211; tablette de travail ouverte<\/figcaption><\/figure>\n<\/div>\n<\/div>\n\n\n\n<p><br>Les rangements en partie basse du meuble permettent de stocker le mat\u00e9riel de pr\u00e9sentation (plaques de Dibond imprim\u00e9es). Gr\u00e2ce aux encoches adapt\u00e9es, l&rsquo;utilisateur attrape facilement les plaques de pr\u00e9sentation. <br>\u00c0 l&rsquo;arri\u00e8re du meuble, un casier de rangement est con\u00e7u verticalement. De cette mani\u00e8re on exploite la largeur et la hauteur du meuble en totalit\u00e9 pour stocker les quelques plaques de tr\u00e8s grand gabarit.<br>Comme l&rsquo;illustrent les photos ci-dessous, la tablette de travail est r\u00e9tractable et accessible gr\u00e2ce \u00e0 des encoches adapt\u00e9es.<\/p>\n\n\n\n<div class=\"wp-block-columns is-layout-flex wp-container-core-columns-is-layout-28f84493 wp-block-columns-is-layout-flex\">\n<div class=\"wp-block-column is-layout-flow wp-block-column-is-layout-flow\">\n<figure class=\"wp-block-image size-large is-resized\"><img loading=\"lazy\" decoding=\"async\" width=\"819\" height=\"1024\" src=\"http:\/\/atelierlabarbue.com\/wp-content\/uploads\/2024\/04\/tablette-fermee-819x1024.jpg\" alt=\"\" class=\"wp-image-1420\" style=\"width:358px;height:auto\" srcset=\"https:\/\/atelierlabarbue.com\/wp-content\/uploads\/2024\/04\/tablette-fermee-819x1024.jpg 819w, https:\/\/atelierlabarbue.com\/wp-content\/uploads\/2024\/04\/tablette-fermee-240x300.jpg 240w, https:\/\/atelierlabarbue.com\/wp-content\/uploads\/2024\/04\/tablette-fermee-768x960.jpg 768w, https:\/\/atelierlabarbue.com\/wp-content\/uploads\/2024\/04\/tablette-fermee-1229x1536.jpg 1229w, https:\/\/atelierlabarbue.com\/wp-content\/uploads\/2024\/04\/tablette-fermee-1639x2048.jpg 1639w, https:\/\/atelierlabarbue.com\/wp-content\/uploads\/2024\/04\/tablette-fermee-1170x1462.jpg 1170w, https:\/\/atelierlabarbue.com\/wp-content\/uploads\/2024\/04\/tablette-fermee-scaled.jpg 2048w\" sizes=\"auto, (max-width: 819px) 100vw, 819px\" \/><figcaption class=\"wp-element-caption\">Tablette de travail en position ferm\u00e9e<\/figcaption><\/figure>\n<\/div>\n\n\n\n<div class=\"wp-block-column is-layout-flow wp-block-column-is-layout-flow\">\n<figure class=\"wp-block-image size-large is-resized\"><img loading=\"lazy\" decoding=\"async\" width=\"819\" height=\"1024\" src=\"http:\/\/atelierlabarbue.com\/wp-content\/uploads\/2024\/04\/Tablette-ouverte-819x1024.jpg\" alt=\"\" class=\"wp-image-1421\" style=\"width:361px;height:auto\" srcset=\"https:\/\/atelierlabarbue.com\/wp-content\/uploads\/2024\/04\/Tablette-ouverte-819x1024.jpg 819w, https:\/\/atelierlabarbue.com\/wp-content\/uploads\/2024\/04\/Tablette-ouverte-240x300.jpg 240w, https:\/\/atelierlabarbue.com\/wp-content\/uploads\/2024\/04\/Tablette-ouverte-768x960.jpg 768w, https:\/\/atelierlabarbue.com\/wp-content\/uploads\/2024\/04\/Tablette-ouverte-1229x1536.jpg 1229w, https:\/\/atelierlabarbue.com\/wp-content\/uploads\/2024\/04\/Tablette-ouverte-1638x2048.jpg 1638w, https:\/\/atelierlabarbue.com\/wp-content\/uploads\/2024\/04\/Tablette-ouverte-1170x1462.jpg 1170w, https:\/\/atelierlabarbue.com\/wp-content\/uploads\/2024\/04\/Tablette-ouverte-scaled.jpg 2048w\" sizes=\"auto, (max-width: 819px) 100vw, 819px\" \/><figcaption class=\"wp-element-caption\">Tablette de travail en position ouverte<\/figcaption><\/figure>\n<\/div>\n<\/div>\n\n\n\n<p class=\"has-small-font-size\">Hauteur compl\u00e8te du meuble, avec roulettes : 101 cm<br>Largeur : 125 cm <br>Profondeur : 87,5 cm<\/p>\n\n\n\n<p class=\"has-text-color has-link-color wp-elements-f14d003ac21e43b9cafada11bee9ffa7\" style=\"color:#f37f7f\">Vous souhaitez faire fabriquer votre meuble sur mesure ? Contactez Atelier la Barbue en cliquant : <a href=\"https:\/\/atelierlabarbue.com\/index.php\/contact-latelier-la-barbue\/\">ICI<\/a> <\/p>\n\n\n\n<p>Suivez toute l\u2019actualit\u00e9 d\u2019Atelier la Barbue : les derni\u00e8res restaurations, fabrications de mobilier, cr\u00e9ations de bijoux, et vous tenir au courant des prochains march\u00e9s et \u00e9v\u00e9nements auxquels je serais pr\u00e9sente, abonnez-vous aux comptes Instagram et Facebook.<\/p>\n\n\n\n<ul class=\"wp-block-social-links aligncenter is-layout-flex wp-block-social-links-is-layout-flex\"><li class=\"wp-social-link wp-social-link-instagram  wp-block-social-link\"><a href=\"https:\/\/www.instagram.com\/atelierlabarbue\/\" class=\"wp-block-social-link-anchor\"><svg width=\"24\" height=\"24\" viewBox=\"0 0 24 24\" version=\"1.1\" xmlns=\"http:\/\/www.w3.org\/2000\/svg\" aria-hidden=\"true\" focusable=\"false\"><path d=\"M12,4.622c2.403,0,2.688,0.009,3.637,0.052c0.877,0.04,1.354,0.187,1.671,0.31c0.42,0.163,0.72,0.358,1.035,0.673 c0.315,0.315,0.51,0.615,0.673,1.035c0.123,0.317,0.27,0.794,0.31,1.671c0.043,0.949,0.052,1.234,0.052,3.637 s-0.009,2.688-0.052,3.637c-0.04,0.877-0.187,1.354-0.31,1.671c-0.163,0.42-0.358,0.72-0.673,1.035 c-0.315,0.315-0.615,0.51-1.035,0.673c-0.317,0.123-0.794,0.27-1.671,0.31c-0.949,0.043-1.233,0.052-3.637,0.052 s-2.688-0.009-3.637-0.052c-0.877-0.04-1.354-0.187-1.671-0.31c-0.42-0.163-0.72-0.358-1.035-0.673 c-0.315-0.315-0.51-0.615-0.673-1.035c-0.123-0.317-0.27-0.794-0.31-1.671C4.631,14.688,4.622,14.403,4.622,12 s0.009-2.688,0.052-3.637c0.04-0.877,0.187-1.354,0.31-1.671c0.163-0.42,0.358-0.72,0.673-1.035 c0.315-0.315,0.615-0.51,1.035-0.673c0.317-0.123,0.794-0.27,1.671-0.31C9.312,4.631,9.597,4.622,12,4.622 M12,3 C9.556,3,9.249,3.01,8.289,3.054C7.331,3.098,6.677,3.25,6.105,3.472C5.513,3.702,5.011,4.01,4.511,4.511 c-0.5,0.5-0.808,1.002-1.038,1.594C3.25,6.677,3.098,7.331,3.054,8.289C3.01,9.249,3,9.556,3,12c0,2.444,0.01,2.751,0.054,3.711 c0.044,0.958,0.196,1.612,0.418,2.185c0.23,0.592,0.538,1.094,1.038,1.594c0.5,0.5,1.002,0.808,1.594,1.038 c0.572,0.222,1.227,0.375,2.185,0.418C9.249,20.99,9.556,21,12,21s2.751-0.01,3.711-0.054c0.958-0.044,1.612-0.196,2.185-0.418 c0.592-0.23,1.094-0.538,1.594-1.038c0.5-0.5,0.808-1.002,1.038-1.594c0.222-0.572,0.375-1.227,0.418-2.185 C20.99,14.751,21,14.444,21,12s-0.01-2.751-0.054-3.711c-0.044-0.958-0.196-1.612-0.418-2.185c-0.23-0.592-0.538-1.094-1.038-1.594 c-0.5-0.5-1.002-0.808-1.594-1.038c-0.572-0.222-1.227-0.375-2.185-0.418C14.751,3.01,14.444,3,12,3L12,3z M12,7.378 c-2.552,0-4.622,2.069-4.622,4.622S9.448,16.622,12,16.622s4.622-2.069,4.622-4.622S14.552,7.378,12,7.378z M12,15 c-1.657,0-3-1.343-3-3s1.343-3,3-3s3,1.343,3,3S13.657,15,12,15z M16.804,6.116c-0.596,0-1.08,0.484-1.08,1.08 s0.484,1.08,1.08,1.08c0.596,0,1.08-0.484,1.08-1.08S17.401,6.116,16.804,6.116z\"><\/path><\/svg><span class=\"wp-block-social-link-label screen-reader-text\">Instagram<\/span><\/a><\/li><\/ul>\n\n\n\n<ul class=\"wp-block-social-links aligncenter is-layout-flex wp-block-social-links-is-layout-flex\"><li class=\"wp-social-link wp-social-link-facebook  wp-block-social-link\"><a href=\"https:\/\/www.facebook.com\/atelierlabarbue\/\" class=\"wp-block-social-link-anchor\"><svg width=\"24\" height=\"24\" viewBox=\"0 0 24 24\" version=\"1.1\" xmlns=\"http:\/\/www.w3.org\/2000\/svg\" aria-hidden=\"true\" focusable=\"false\"><path d=\"M12 2C6.5 2 2 6.5 2 12c0 5 3.7 9.1 8.4 9.9v-7H7.9V12h2.5V9.8c0-2.5 1.5-3.9 3.8-3.9 1.1 0 2.2.2 2.2.2v2.5h-1.3c-1.2 0-1.6.8-1.6 1.6V12h2.8l-.4 2.9h-2.3v7C18.3 21.1 22 17 22 12c0-5.5-4.5-10-10-10z\"><\/path><\/svg><span class=\"wp-block-social-link-label screen-reader-text\">Facebook<\/span><\/a><\/li><\/ul>\n","protected":false},"excerpt":{"rendered":"<p>La Maison du Projet de Maurepas m&rsquo;a confi\u00e9 ce projet de fabrication d&rsquo;un meuble sur mesure pour r\u00e9pondre \u00e0 leurs besoins de pr\u00e9sentation et de stockage. La conception de ce mobilier s&rsquo;adapte aux contraintes du local de la maison du projet et aux besoins de ses utilisateurs. Ainsi, ce meuble est assez grand pour contenir [&hellip;]<\/p>\n","protected":false},"author":1,"featured_media":0,"parent":0,"menu_order":0,"comment_status":"closed","ping_status":"closed","template":"","meta":{"_themeisle_gutenberg_block_has_review":false,"footnotes":""},"class_list":["post-1416","page","type-page","status-publish","hentry"],"yoast_head":"<!-- This site is optimized with the Yoast SEO plugin v27.4 - https:\/\/yoast.com\/product\/yoast-seo-wordpress\/ -->\n<title>Fabrication d&#039;un meuble sur mesure pour la Maison du Projet - Atelier la barbue<\/title>\n<meta name=\"description\" content=\"La Maison du Projets de Maurepas m&#039;a confi\u00e9 ce projet de fabrication d&#039;un meuble sur mesure pour r\u00e9pondre \u00e0 leurs besoin de pr\u00e9sentation et de stockage : la cr\u00e9ation d&#039;un mobilier qui r\u00e9pond \u00e0 plusieurs contraintes.\" \/>\n<meta name=\"robots\" content=\"index, follow, max-snippet:-1, max-image-preview:large, max-video-preview:-1\" \/>\n<link rel=\"canonical\" href=\"https:\/\/atelierlabarbue.com\/index.php\/fabrication-dun-meuble-sur-mesure-pour-la-maison-du-projet\/\" \/>\n<meta property=\"og:locale\" content=\"fr_FR\" \/>\n<meta property=\"og:type\" content=\"article\" \/>\n<meta property=\"og:title\" content=\"Fabrication d&#039;un meuble sur mesure pour la Maison du Projet - Atelier la barbue\" \/>\n<meta property=\"og:description\" content=\"La Maison du Projets de Maurepas m&#039;a confi\u00e9 ce projet de fabrication d&#039;un meuble sur mesure pour r\u00e9pondre \u00e0 leurs besoin de pr\u00e9sentation et de stockage : la cr\u00e9ation d&#039;un mobilier qui r\u00e9pond \u00e0 plusieurs contraintes.\" \/>\n<meta property=\"og:url\" content=\"https:\/\/atelierlabarbue.com\/index.php\/fabrication-dun-meuble-sur-mesure-pour-la-maison-du-projet\/\" \/>\n<meta property=\"og:site_name\" content=\"Atelier la barbue\" \/>\n<meta property=\"article:publisher\" content=\"https:\/\/www.facebook.com\/profile.php?id=100090210846448\" \/>\n<meta property=\"article:modified_time\" content=\"2024-04-16T14:25:41+00:00\" \/>\n<meta property=\"og:image\" content=\"http:\/\/atelierlabarbue.com\/wp-content\/uploads\/2024\/04\/vue-avec-roues-819x1024.jpg\" \/>\n<meta name=\"twitter:card\" content=\"summary_large_image\" \/>\n<meta name=\"twitter:label1\" content=\"Dur\u00e9e de lecture estim\u00e9e\" \/>\n\t<meta name=\"twitter:data1\" content=\"3 minutes\" \/>\n<script type=\"application\/ld+json\" class=\"yoast-schema-graph\">{\"@context\":\"https:\\\/\\\/schema.org\",\"@graph\":[{\"@type\":\"WebPage\",\"@id\":\"https:\\\/\\\/atelierlabarbue.com\\\/index.php\\\/fabrication-dun-meuble-sur-mesure-pour-la-maison-du-projet\\\/\",\"url\":\"https:\\\/\\\/atelierlabarbue.com\\\/index.php\\\/fabrication-dun-meuble-sur-mesure-pour-la-maison-du-projet\\\/\",\"name\":\"Fabrication d'un meuble sur mesure pour la Maison du Projet - Atelier la barbue\",\"isPartOf\":{\"@id\":\"https:\\\/\\\/atelierlabarbue.com\\\/#website\"},\"primaryImageOfPage\":{\"@id\":\"https:\\\/\\\/atelierlabarbue.com\\\/index.php\\\/fabrication-dun-meuble-sur-mesure-pour-la-maison-du-projet\\\/#primaryimage\"},\"image\":{\"@id\":\"https:\\\/\\\/atelierlabarbue.com\\\/index.php\\\/fabrication-dun-meuble-sur-mesure-pour-la-maison-du-projet\\\/#primaryimage\"},\"thumbnailUrl\":\"http:\\\/\\\/atelierlabarbue.com\\\/wp-content\\\/uploads\\\/2024\\\/04\\\/vue-avec-roues-819x1024.jpg\",\"datePublished\":\"2024-04-15T14:23:59+00:00\",\"dateModified\":\"2024-04-16T14:25:41+00:00\",\"description\":\"La Maison du Projets de Maurepas m'a confi\u00e9 ce projet de fabrication d'un meuble sur mesure pour r\u00e9pondre \u00e0 leurs besoin de pr\u00e9sentation et de stockage : la cr\u00e9ation d'un mobilier qui r\u00e9pond \u00e0 plusieurs contraintes.\",\"breadcrumb\":{\"@id\":\"https:\\\/\\\/atelierlabarbue.com\\\/index.php\\\/fabrication-dun-meuble-sur-mesure-pour-la-maison-du-projet\\\/#breadcrumb\"},\"inLanguage\":\"fr-FR\",\"potentialAction\":[{\"@type\":\"ReadAction\",\"target\":[\"https:\\\/\\\/atelierlabarbue.com\\\/index.php\\\/fabrication-dun-meuble-sur-mesure-pour-la-maison-du-projet\\\/\"]}]},{\"@type\":\"ImageObject\",\"inLanguage\":\"fr-FR\",\"@id\":\"https:\\\/\\\/atelierlabarbue.com\\\/index.php\\\/fabrication-dun-meuble-sur-mesure-pour-la-maison-du-projet\\\/#primaryimage\",\"url\":\"https:\\\/\\\/atelierlabarbue.com\\\/wp-content\\\/uploads\\\/2024\\\/04\\\/vue-avec-roues-scaled.jpg\",\"contentUrl\":\"https:\\\/\\\/atelierlabarbue.com\\\/wp-content\\\/uploads\\\/2024\\\/04\\\/vue-avec-roues-scaled.jpg\",\"width\":2048,\"height\":2560},{\"@type\":\"BreadcrumbList\",\"@id\":\"https:\\\/\\\/atelierlabarbue.com\\\/index.php\\\/fabrication-dun-meuble-sur-mesure-pour-la-maison-du-projet\\\/#breadcrumb\",\"itemListElement\":[{\"@type\":\"ListItem\",\"position\":1,\"name\":\"Accueil\",\"item\":\"https:\\\/\\\/atelierlabarbue.com\\\/\"},{\"@type\":\"ListItem\",\"position\":2,\"name\":\"Fabrication d&rsquo;un meuble sur mesure pour la Maison du Projet\"}]},{\"@type\":\"WebSite\",\"@id\":\"https:\\\/\\\/atelierlabarbue.com\\\/#website\",\"url\":\"https:\\\/\\\/atelierlabarbue.com\\\/\",\"name\":\"Atelier la barbue\",\"description\":\"Restauration de meubles anciens, \u00e9b\u00e9nisterie, cr\u00e9ation de bijoux bois bijoux\",\"publisher\":{\"@id\":\"https:\\\/\\\/atelierlabarbue.com\\\/#organization\"},\"potentialAction\":[{\"@type\":\"SearchAction\",\"target\":{\"@type\":\"EntryPoint\",\"urlTemplate\":\"https:\\\/\\\/atelierlabarbue.com\\\/?s={search_term_string}\"},\"query-input\":{\"@type\":\"PropertyValueSpecification\",\"valueRequired\":true,\"valueName\":\"search_term_string\"}}],\"inLanguage\":\"fr-FR\"},{\"@type\":\"Organization\",\"@id\":\"https:\\\/\\\/atelierlabarbue.com\\\/#organization\",\"name\":\"Atelier la barbue\",\"url\":\"https:\\\/\\\/atelierlabarbue.com\\\/\",\"logo\":{\"@type\":\"ImageObject\",\"inLanguage\":\"fr-FR\",\"@id\":\"https:\\\/\\\/atelierlabarbue.com\\\/#\\\/schema\\\/logo\\\/image\\\/\",\"url\":\"https:\\\/\\\/atelierlabarbue.com\\\/wp-content\\\/uploads\\\/2023\\\/08\\\/favicon2.png\",\"contentUrl\":\"https:\\\/\\\/atelierlabarbue.com\\\/wp-content\\\/uploads\\\/2023\\\/08\\\/favicon2.png\",\"width\":512,\"height\":512,\"caption\":\"Atelier la barbue\"},\"image\":{\"@id\":\"https:\\\/\\\/atelierlabarbue.com\\\/#\\\/schema\\\/logo\\\/image\\\/\"},\"sameAs\":[\"https:\\\/\\\/www.facebook.com\\\/profile.php?id=100090210846448\",\"https:\\\/\\\/www.instagram.com\\\/atelierlabarbue\\\/\"]}]}<\/script>\n<!-- \/ Yoast SEO plugin. -->","yoast_head_json":{"title":"Fabrication d'un meuble sur mesure pour la Maison du Projet - Atelier la barbue","description":"La Maison du Projets de Maurepas m'a confi\u00e9 ce projet de fabrication d'un meuble sur mesure pour r\u00e9pondre \u00e0 leurs besoin de pr\u00e9sentation et de stockage : la cr\u00e9ation d'un mobilier qui r\u00e9pond \u00e0 plusieurs contraintes.","robots":{"index":"index","follow":"follow","max-snippet":"max-snippet:-1","max-image-preview":"max-image-preview:large","max-video-preview":"max-video-preview:-1"},"canonical":"https:\/\/atelierlabarbue.com\/index.php\/fabrication-dun-meuble-sur-mesure-pour-la-maison-du-projet\/","og_locale":"fr_FR","og_type":"article","og_title":"Fabrication d'un meuble sur mesure pour la Maison du Projet - Atelier la barbue","og_description":"La Maison du Projets de Maurepas m'a confi\u00e9 ce projet de fabrication d'un meuble sur mesure pour r\u00e9pondre \u00e0 leurs besoin de pr\u00e9sentation et de stockage : la cr\u00e9ation d'un mobilier qui r\u00e9pond \u00e0 plusieurs contraintes.","og_url":"https:\/\/atelierlabarbue.com\/index.php\/fabrication-dun-meuble-sur-mesure-pour-la-maison-du-projet\/","og_site_name":"Atelier la barbue","article_publisher":"https:\/\/www.facebook.com\/profile.php?id=100090210846448","article_modified_time":"2024-04-16T14:25:41+00:00","og_image":[{"url":"http:\/\/atelierlabarbue.com\/wp-content\/uploads\/2024\/04\/vue-avec-roues-819x1024.jpg","type":"","width":"","height":""}],"twitter_card":"summary_large_image","twitter_misc":{"Dur\u00e9e de lecture estim\u00e9e":"3 minutes"},"schema":{"@context":"https:\/\/schema.org","@graph":[{"@type":"WebPage","@id":"https:\/\/atelierlabarbue.com\/index.php\/fabrication-dun-meuble-sur-mesure-pour-la-maison-du-projet\/","url":"https:\/\/atelierlabarbue.com\/index.php\/fabrication-dun-meuble-sur-mesure-pour-la-maison-du-projet\/","name":"Fabrication d'un meuble sur mesure pour la Maison du Projet - Atelier la barbue","isPartOf":{"@id":"https:\/\/atelierlabarbue.com\/#website"},"primaryImageOfPage":{"@id":"https:\/\/atelierlabarbue.com\/index.php\/fabrication-dun-meuble-sur-mesure-pour-la-maison-du-projet\/#primaryimage"},"image":{"@id":"https:\/\/atelierlabarbue.com\/index.php\/fabrication-dun-meuble-sur-mesure-pour-la-maison-du-projet\/#primaryimage"},"thumbnailUrl":"http:\/\/atelierlabarbue.com\/wp-content\/uploads\/2024\/04\/vue-avec-roues-819x1024.jpg","datePublished":"2024-04-15T14:23:59+00:00","dateModified":"2024-04-16T14:25:41+00:00","description":"La Maison du Projets de Maurepas m'a confi\u00e9 ce projet de fabrication d'un meuble sur mesure pour r\u00e9pondre \u00e0 leurs besoin de pr\u00e9sentation et de stockage : la cr\u00e9ation d'un mobilier qui r\u00e9pond \u00e0 plusieurs contraintes.","breadcrumb":{"@id":"https:\/\/atelierlabarbue.com\/index.php\/fabrication-dun-meuble-sur-mesure-pour-la-maison-du-projet\/#breadcrumb"},"inLanguage":"fr-FR","potentialAction":[{"@type":"ReadAction","target":["https:\/\/atelierlabarbue.com\/index.php\/fabrication-dun-meuble-sur-mesure-pour-la-maison-du-projet\/"]}]},{"@type":"ImageObject","inLanguage":"fr-FR","@id":"https:\/\/atelierlabarbue.com\/index.php\/fabrication-dun-meuble-sur-mesure-pour-la-maison-du-projet\/#primaryimage","url":"https:\/\/atelierlabarbue.com\/wp-content\/uploads\/2024\/04\/vue-avec-roues-scaled.jpg","contentUrl":"https:\/\/atelierlabarbue.com\/wp-content\/uploads\/2024\/04\/vue-avec-roues-scaled.jpg","width":2048,"height":2560},{"@type":"BreadcrumbList","@id":"https:\/\/atelierlabarbue.com\/index.php\/fabrication-dun-meuble-sur-mesure-pour-la-maison-du-projet\/#breadcrumb","itemListElement":[{"@type":"ListItem","position":1,"name":"Accueil","item":"https:\/\/atelierlabarbue.com\/"},{"@type":"ListItem","position":2,"name":"Fabrication d&rsquo;un meuble sur mesure pour la Maison du Projet"}]},{"@type":"WebSite","@id":"https:\/\/atelierlabarbue.com\/#website","url":"https:\/\/atelierlabarbue.com\/","name":"Atelier la barbue","description":"Restauration de meubles anciens, \u00e9b\u00e9nisterie, cr\u00e9ation de bijoux bois bijoux","publisher":{"@id":"https:\/\/atelierlabarbue.com\/#organization"},"potentialAction":[{"@type":"SearchAction","target":{"@type":"EntryPoint","urlTemplate":"https:\/\/atelierlabarbue.com\/?s={search_term_string}"},"query-input":{"@type":"PropertyValueSpecification","valueRequired":true,"valueName":"search_term_string"}}],"inLanguage":"fr-FR"},{"@type":"Organization","@id":"https:\/\/atelierlabarbue.com\/#organization","name":"Atelier la barbue","url":"https:\/\/atelierlabarbue.com\/","logo":{"@type":"ImageObject","inLanguage":"fr-FR","@id":"https:\/\/atelierlabarbue.com\/#\/schema\/logo\/image\/","url":"https:\/\/atelierlabarbue.com\/wp-content\/uploads\/2023\/08\/favicon2.png","contentUrl":"https:\/\/atelierlabarbue.com\/wp-content\/uploads\/2023\/08\/favicon2.png","width":512,"height":512,"caption":"Atelier la barbue"},"image":{"@id":"https:\/\/atelierlabarbue.com\/#\/schema\/logo\/image\/"},"sameAs":["https:\/\/www.facebook.com\/profile.php?id=100090210846448","https:\/\/www.instagram.com\/atelierlabarbue\/"]}]}},"_links":{"self":[{"href":"https:\/\/atelierlabarbue.com\/index.php\/wp-json\/wp\/v2\/pages\/1416","targetHints":{"allow":["GET"]}}],"collection":[{"href":"https:\/\/atelierlabarbue.com\/index.php\/wp-json\/wp\/v2\/pages"}],"about":[{"href":"https:\/\/atelierlabarbue.com\/index.php\/wp-json\/wp\/v2\/types\/page"}],"author":[{"embeddable":true,"href":"https:\/\/atelierlabarbue.com\/index.php\/wp-json\/wp\/v2\/users\/1"}],"replies":[{"embeddable":true,"href":"https:\/\/atelierlabarbue.com\/index.php\/wp-json\/wp\/v2\/comments?post=1416"}],"version-history":[{"count":4,"href":"https:\/\/atelierlabarbue.com\/index.php\/wp-json\/wp\/v2\/pages\/1416\/revisions"}],"predecessor-version":[{"id":1432,"href":"https:\/\/atelierlabarbue.com\/index.php\/wp-json\/wp\/v2\/pages\/1416\/revisions\/1432"}],"wp:attachment":[{"href":"https:\/\/atelierlabarbue.com\/index.php\/wp-json\/wp\/v2\/media?parent=1416"}],"curies":[{"name":"wp","href":"https:\/\/api.w.org\/{rel}","templated":true}]}}