{"id":1698,"date":"2025-01-28T10:39:23","date_gmt":"2025-01-28T09:39:23","guid":{"rendered":"http:\/\/atelierlabarbue.com\/?page_id=1698"},"modified":"2026-02-27T10:31:38","modified_gmt":"2026-02-27T09:31:38","slug":"restauration-coiffeuse-des-annees-30","status":"publish","type":"page","link":"https:\/\/atelierlabarbue.com\/index.php\/restauration-coiffeuse-des-annees-30\/","title":{"rendered":"Restauration coiffeuse des ann\u00e9es 30"},"content":{"rendered":"\n<p>Une restauration pour cette coiffeuse des ann\u00e9es 30 \u00e9tait bien m\u00e9rit\u00e9e. En effet, son parcours est original : j&rsquo;ai eu l&rsquo;occasion de la r\u00e9cup\u00e9rer apr\u00e8s le tournage du t\u00e9l\u00e9film <a href=\"https:\/\/fr.wikipedia.org\/wiki\/Sur_la_dalle_(t\u00e9l\u00e9film)\">\u00ab\u00a0Sur la dalle\u00a0\u00bb<\/a>.<br>Le tournage a eu raison d&rsquo;elle, puisqu&rsquo;elle a d\u00fb subir l&rsquo;humidit\u00e9, la manutention, le stockage&#8230;<\/p>\n\n\n\n<div class=\"wp-block-columns is-layout-flex wp-container-core-columns-is-layout-28f84493 wp-block-columns-is-layout-flex\">\n<div class=\"wp-block-column is-layout-flow wp-block-column-is-layout-flow\">\n<figure class=\"wp-block-image size-full\"><img loading=\"lazy\" decoding=\"async\" width=\"480\" height=\"640\" src=\"http:\/\/atelierlabarbue.com\/wp-content\/uploads\/2025\/01\/IMG_20250128_094458_543.jpg\" alt=\"\" class=\"wp-image-1699\" srcset=\"https:\/\/atelierlabarbue.com\/wp-content\/uploads\/2025\/01\/IMG_20250128_094458_543.jpg 480w, https:\/\/atelierlabarbue.com\/wp-content\/uploads\/2025\/01\/IMG_20250128_094458_543-225x300.jpg 225w\" sizes=\"auto, (max-width: 480px) 100vw, 480px\" \/><figcaption class=\"wp-element-caption\">Coiffeuse avant restauration<\/figcaption><\/figure>\n<\/div>\n\n\n\n<div class=\"wp-block-column is-layout-flow wp-block-column-is-layout-flow\">\n<figure class=\"wp-block-image size-full\"><img loading=\"lazy\" decoding=\"async\" width=\"480\" height=\"640\" src=\"http:\/\/atelierlabarbue.com\/wp-content\/uploads\/2025\/01\/IMG_20250128_094512_219.jpg\" alt=\"\" class=\"wp-image-1700\" srcset=\"https:\/\/atelierlabarbue.com\/wp-content\/uploads\/2025\/01\/IMG_20250128_094512_219.jpg 480w, https:\/\/atelierlabarbue.com\/wp-content\/uploads\/2025\/01\/IMG_20250128_094512_219-225x300.jpg 225w\" sizes=\"auto, (max-width: 480px) 100vw, 480px\" \/><figcaption class=\"wp-element-caption\">Panneau sup\u00e9rieur (qui permet la pose du miroir)<\/figcaption><\/figure>\n<\/div>\n<\/div>\n\n\n\n<p>Le plateau et la fa\u00e7ade \u00e9taient mouchet\u00e9s de coulures, les placages du plateau \u00e9taient soulev\u00e9s et craquel\u00e9s, le placage du panneau sup\u00e9rieur (voir photo) \u00e9tait compl\u00e8tement gondol\u00e9.<br>La restauration a donc consist\u00e9 \u00e0 poncer \u00e0 la main l&rsquo;int\u00e9gralit\u00e9 du meuble, le placage du grand plateau \u00e9tait d\u00e9j\u00e0 plein de perces, je l&rsquo;ai donc remplac\u00e9. Dans le placage du panneau sup\u00e9rieur, j&rsquo;ai r\u00e9alis\u00e9 une incision afin de pouvoir re-plaquer.<br>Pour finir, j&rsquo;ai appliqu\u00e9 un bouche pores et une finition cir\u00e9e.<\/p>\n\n\n\n<div class=\"wp-block-columns is-layout-flex wp-container-core-columns-is-layout-28f84493 wp-block-columns-is-layout-flex\">\n<div class=\"wp-block-column is-layout-flow wp-block-column-is-layout-flow\">\n<figure class=\"wp-block-image size-large\"><img loading=\"lazy\" decoding=\"async\" width=\"819\" height=\"1024\" src=\"http:\/\/atelierlabarbue.com\/wp-content\/uploads\/2025\/01\/DSC_5971-819x1024.jpg\" alt=\"\" class=\"wp-image-1701\" srcset=\"https:\/\/atelierlabarbue.com\/wp-content\/uploads\/2025\/01\/DSC_5971-819x1024.jpg 819w, https:\/\/atelierlabarbue.com\/wp-content\/uploads\/2025\/01\/DSC_5971-240x300.jpg 240w, https:\/\/atelierlabarbue.com\/wp-content\/uploads\/2025\/01\/DSC_5971-768x960.jpg 768w, https:\/\/atelierlabarbue.com\/wp-content\/uploads\/2025\/01\/DSC_5971-1229x1536.jpg 1229w, https:\/\/atelierlabarbue.com\/wp-content\/uploads\/2025\/01\/DSC_5971-1638x2048.jpg 1638w, https:\/\/atelierlabarbue.com\/wp-content\/uploads\/2025\/01\/DSC_5971-1170x1463.jpg 1170w, https:\/\/atelierlabarbue.com\/wp-content\/uploads\/2025\/01\/DSC_5971-scaled.jpg 2048w\" sizes=\"auto, (max-width: 819px) 100vw, 819px\" \/><figcaption class=\"wp-element-caption\">Restauration coiffeuse ann\u00e9es 30<\/figcaption><\/figure>\n<\/div>\n\n\n\n<div class=\"wp-block-column is-layout-flow wp-block-column-is-layout-flow\">\n<figure class=\"wp-block-image size-large\"><img loading=\"lazy\" decoding=\"async\" width=\"819\" height=\"1024\" src=\"http:\/\/atelierlabarbue.com\/wp-content\/uploads\/2025\/01\/DSC_5972-819x1024.jpg\" alt=\"\" class=\"wp-image-1702\" srcset=\"https:\/\/atelierlabarbue.com\/wp-content\/uploads\/2025\/01\/DSC_5972-819x1024.jpg 819w, https:\/\/atelierlabarbue.com\/wp-content\/uploads\/2025\/01\/DSC_5972-240x300.jpg 240w, https:\/\/atelierlabarbue.com\/wp-content\/uploads\/2025\/01\/DSC_5972-768x960.jpg 768w, https:\/\/atelierlabarbue.com\/wp-content\/uploads\/2025\/01\/DSC_5972-1229x1536.jpg 1229w, https:\/\/atelierlabarbue.com\/wp-content\/uploads\/2025\/01\/DSC_5972-1638x2048.jpg 1638w, https:\/\/atelierlabarbue.com\/wp-content\/uploads\/2025\/01\/DSC_5972-1170x1463.jpg 1170w, https:\/\/atelierlabarbue.com\/wp-content\/uploads\/2025\/01\/DSC_5972-scaled.jpg 2048w\" sizes=\"auto, (max-width: 819px) 100vw, 819px\" \/><figcaption class=\"wp-element-caption\">Apr\u00e8s restauration<\/figcaption><\/figure>\n<\/div>\n<\/div>\n\n\n\n<h2 class=\"wp-block-heading has-text-align-center has-pale-ocean-gradient-background has-background\" style=\"border-style:none;border-width:0px\">Vendue !<\/h2>\n\n\n\n<p><br>J&rsquo;ai eu le plaisir de vendre ce superbe mobilier sur le march\u00e9 de No\u00ebl de <a href=\"https:\/\/www.commeunetabli.fr\">Comme un \u00c9tabli<\/a>. Merci \u00e0 eux pour cette superbe occasion ! <br>Lors de ce march\u00e9, on m&rsquo;a souvent pos\u00e9 la question, alors pour ceux qui se la posent \u00e0 leur tour : les poign\u00e9es et le miroir sont d&rsquo;origine !<\/p>\n\n\n\n<p class=\"has-text-color has-link-color wp-elements-f5034859001f8cab6fb10e35f61d0b39\" style=\"color:#f66f6f\">Vous souhaitez faire restaurer votre mobilier ? Contactez&nbsp;<a href=\"https:\/\/atelierlabarbue.com\/index.php\/contact-latelier-la-barbue\/\">Atelier la Barbue<\/a>&nbsp;!<\/p>\n\n\n\n<p>Pour suivre toute l\u2019actualit\u00e9 d\u2019Atelier la Barbue : les derni\u00e8res restaurations, fabrications de mobilier, cr\u00e9ations de bijoux, et vous tenir au courant des prochains march\u00e9s et \u00e9v\u00e9nements auxquels je serais pr\u00e9sente, abonnez-vous aux comptes instagram et facebook<\/p>\n\n\n\n<ul class=\"wp-block-social-links is-content-justification-center is-layout-flex wp-container-core-social-links-is-layout-a89b3969 wp-block-social-links-is-layout-flex\"><li class=\"wp-social-link wp-social-link-instagram  wp-block-social-link\"><a href=\"https:\/\/www.instagram.com\/atelierlabarbue\/\" class=\"wp-block-social-link-anchor\"><svg width=\"24\" height=\"24\" viewBox=\"0 0 24 24\" version=\"1.1\" xmlns=\"http:\/\/www.w3.org\/2000\/svg\" aria-hidden=\"true\" focusable=\"false\"><path d=\"M12,4.622c2.403,0,2.688,0.009,3.637,0.052c0.877,0.04,1.354,0.187,1.671,0.31c0.42,0.163,0.72,0.358,1.035,0.673 c0.315,0.315,0.51,0.615,0.673,1.035c0.123,0.317,0.27,0.794,0.31,1.671c0.043,0.949,0.052,1.234,0.052,3.637 s-0.009,2.688-0.052,3.637c-0.04,0.877-0.187,1.354-0.31,1.671c-0.163,0.42-0.358,0.72-0.673,1.035 c-0.315,0.315-0.615,0.51-1.035,0.673c-0.317,0.123-0.794,0.27-1.671,0.31c-0.949,0.043-1.233,0.052-3.637,0.052 s-2.688-0.009-3.637-0.052c-0.877-0.04-1.354-0.187-1.671-0.31c-0.42-0.163-0.72-0.358-1.035-0.673 c-0.315-0.315-0.51-0.615-0.673-1.035c-0.123-0.317-0.27-0.794-0.31-1.671C4.631,14.688,4.622,14.403,4.622,12 s0.009-2.688,0.052-3.637c0.04-0.877,0.187-1.354,0.31-1.671c0.163-0.42,0.358-0.72,0.673-1.035 c0.315-0.315,0.615-0.51,1.035-0.673c0.317-0.123,0.794-0.27,1.671-0.31C9.312,4.631,9.597,4.622,12,4.622 M12,3 C9.556,3,9.249,3.01,8.289,3.054C7.331,3.098,6.677,3.25,6.105,3.472C5.513,3.702,5.011,4.01,4.511,4.511 c-0.5,0.5-0.808,1.002-1.038,1.594C3.25,6.677,3.098,7.331,3.054,8.289C3.01,9.249,3,9.556,3,12c0,2.444,0.01,2.751,0.054,3.711 c0.044,0.958,0.196,1.612,0.418,2.185c0.23,0.592,0.538,1.094,1.038,1.594c0.5,0.5,1.002,0.808,1.594,1.038 c0.572,0.222,1.227,0.375,2.185,0.418C9.249,20.99,9.556,21,12,21s2.751-0.01,3.711-0.054c0.958-0.044,1.612-0.196,2.185-0.418 c0.592-0.23,1.094-0.538,1.594-1.038c0.5-0.5,0.808-1.002,1.038-1.594c0.222-0.572,0.375-1.227,0.418-2.185 C20.99,14.751,21,14.444,21,12s-0.01-2.751-0.054-3.711c-0.044-0.958-0.196-1.612-0.418-2.185c-0.23-0.592-0.538-1.094-1.038-1.594 c-0.5-0.5-1.002-0.808-1.594-1.038c-0.572-0.222-1.227-0.375-2.185-0.418C14.751,3.01,14.444,3,12,3L12,3z M12,7.378 c-2.552,0-4.622,2.069-4.622,4.622S9.448,16.622,12,16.622s4.622-2.069,4.622-4.622S14.552,7.378,12,7.378z M12,15 c-1.657,0-3-1.343-3-3s1.343-3,3-3s3,1.343,3,3S13.657,15,12,15z M16.804,6.116c-0.596,0-1.08,0.484-1.08,1.08 s0.484,1.08,1.08,1.08c0.596,0,1.08-0.484,1.08-1.08S17.401,6.116,16.804,6.116z\"><\/path><\/svg><span class=\"wp-block-social-link-label screen-reader-text\">Instagram<\/span><\/a><\/li><\/ul>\n\n\n\n<ul class=\"wp-block-social-links is-content-justification-center is-layout-flex wp-container-core-social-links-is-layout-a89b3969 wp-block-social-links-is-layout-flex\"><li class=\"wp-social-link wp-social-link-facebook  wp-block-social-link\"><a href=\"https:\/\/www.facebook.com\/atelierlabarbue?locale=fr_FR\" class=\"wp-block-social-link-anchor\"><svg width=\"24\" height=\"24\" viewBox=\"0 0 24 24\" version=\"1.1\" xmlns=\"http:\/\/www.w3.org\/2000\/svg\" aria-hidden=\"true\" focusable=\"false\"><path d=\"M12 2C6.5 2 2 6.5 2 12c0 5 3.7 9.1 8.4 9.9v-7H7.9V12h2.5V9.8c0-2.5 1.5-3.9 3.8-3.9 1.1 0 2.2.2 2.2.2v2.5h-1.3c-1.2 0-1.6.8-1.6 1.6V12h2.8l-.4 2.9h-2.3v7C18.3 21.1 22 17 22 12c0-5.5-4.5-10-10-10z\"><\/path><\/svg><span class=\"wp-block-social-link-label screen-reader-text\">Facebook<\/span><\/a><\/li><\/ul>\n\n\n\n<p><\/p>\n","protected":false},"excerpt":{"rendered":"<p>Une restauration pour cette coiffeuse des ann\u00e9es 30 \u00e9tait bien m\u00e9rit\u00e9e. En effet, son parcours est original : j&rsquo;ai eu l&rsquo;occasion de la r\u00e9cup\u00e9rer apr\u00e8s le tournage du t\u00e9l\u00e9film \u00ab\u00a0Sur la dalle\u00a0\u00bb.Le tournage a eu raison d&rsquo;elle, puisqu&rsquo;elle a d\u00fb subir l&rsquo;humidit\u00e9, la manutention, le stockage&#8230; Le plateau et la fa\u00e7ade \u00e9taient mouchet\u00e9s de coulures, [&hellip;]<\/p>\n","protected":false},"author":1,"featured_media":0,"parent":0,"menu_order":0,"comment_status":"closed","ping_status":"closed","template":"","meta":{"_themeisle_gutenberg_block_has_review":false,"footnotes":""},"class_list":["post-1698","page","type-page","status-publish","hentry"],"yoast_head":"<!-- This site is optimized with the Yoast SEO plugin v27.4 - https:\/\/yoast.com\/product\/yoast-seo-wordpress\/ -->\n<title>Restauration coiffeuse des ann\u00e9es 30 - Atelier la barbue<\/title>\n<meta name=\"description\" content=\"Une restauration pour cette coiffeuse des ann\u00e9es 30 \u00e9tait bien m\u00e9rit\u00e9e. En effet, son parcours est originale, j&#039;ai eu l&#039;occasion de la r\u00e9cup\u00e9rer via une ressourceriez du cin\u00e9ma.Les tournages on eu raison d&#039;elle, puisqu&#039;elle \u00e0 du subir l&#039;humidit\u00e9, la manutention, le stockage...\" \/>\n<meta name=\"robots\" content=\"index, follow, max-snippet:-1, max-image-preview:large, max-video-preview:-1\" \/>\n<link rel=\"canonical\" href=\"https:\/\/atelierlabarbue.com\/index.php\/restauration-coiffeuse-des-annees-30\/\" \/>\n<meta property=\"og:locale\" content=\"fr_FR\" \/>\n<meta property=\"og:type\" content=\"article\" \/>\n<meta property=\"og:title\" content=\"Restauration coiffeuse des ann\u00e9es 30 - Atelier la barbue\" \/>\n<meta property=\"og:description\" content=\"Une restauration pour cette coiffeuse des ann\u00e9es 30 \u00e9tait bien m\u00e9rit\u00e9e. En effet, son parcours est originale, j&#039;ai eu l&#039;occasion de la r\u00e9cup\u00e9rer via une ressourceriez du cin\u00e9ma.Les tournages on eu raison d&#039;elle, puisqu&#039;elle \u00e0 du subir l&#039;humidit\u00e9, la manutention, le stockage...\" \/>\n<meta property=\"og:url\" content=\"https:\/\/atelierlabarbue.com\/index.php\/restauration-coiffeuse-des-annees-30\/\" \/>\n<meta property=\"og:site_name\" content=\"Atelier la barbue\" \/>\n<meta property=\"article:publisher\" content=\"https:\/\/www.facebook.com\/profile.php?id=100090210846448\" \/>\n<meta property=\"article:modified_time\" content=\"2026-02-27T09:31:38+00:00\" \/>\n<meta property=\"og:image\" content=\"https:\/\/atelierlabarbue.com\/wp-content\/uploads\/2025\/01\/IMG_20250128_094458_543.jpg\" \/>\n\t<meta property=\"og:image:width\" content=\"480\" \/>\n\t<meta property=\"og:image:height\" content=\"640\" \/>\n\t<meta property=\"og:image:type\" content=\"image\/jpeg\" \/>\n<meta name=\"twitter:card\" content=\"summary_large_image\" \/>\n<meta name=\"twitter:label1\" content=\"Dur\u00e9e de lecture estim\u00e9e\" \/>\n\t<meta name=\"twitter:data1\" content=\"3 minutes\" \/>\n<script type=\"application\/ld+json\" class=\"yoast-schema-graph\">{\"@context\":\"https:\\\/\\\/schema.org\",\"@graph\":[{\"@type\":\"WebPage\",\"@id\":\"https:\\\/\\\/atelierlabarbue.com\\\/index.php\\\/restauration-coiffeuse-des-annees-30\\\/\",\"url\":\"https:\\\/\\\/atelierlabarbue.com\\\/index.php\\\/restauration-coiffeuse-des-annees-30\\\/\",\"name\":\"Restauration coiffeuse des ann\u00e9es 30 - Atelier la barbue\",\"isPartOf\":{\"@id\":\"https:\\\/\\\/atelierlabarbue.com\\\/#website\"},\"primaryImageOfPage\":{\"@id\":\"https:\\\/\\\/atelierlabarbue.com\\\/index.php\\\/restauration-coiffeuse-des-annees-30\\\/#primaryimage\"},\"image\":{\"@id\":\"https:\\\/\\\/atelierlabarbue.com\\\/index.php\\\/restauration-coiffeuse-des-annees-30\\\/#primaryimage\"},\"thumbnailUrl\":\"http:\\\/\\\/atelierlabarbue.com\\\/wp-content\\\/uploads\\\/2025\\\/01\\\/IMG_20250128_094458_543.jpg\",\"datePublished\":\"2025-01-28T09:39:23+00:00\",\"dateModified\":\"2026-02-27T09:31:38+00:00\",\"description\":\"Une restauration pour cette coiffeuse des ann\u00e9es 30 \u00e9tait bien m\u00e9rit\u00e9e. En effet, son parcours est originale, j'ai eu l'occasion de la r\u00e9cup\u00e9rer via une ressourceriez du cin\u00e9ma.Les tournages on eu raison d'elle, puisqu'elle \u00e0 du subir l'humidit\u00e9, la manutention, le stockage...\",\"breadcrumb\":{\"@id\":\"https:\\\/\\\/atelierlabarbue.com\\\/index.php\\\/restauration-coiffeuse-des-annees-30\\\/#breadcrumb\"},\"inLanguage\":\"fr-FR\",\"potentialAction\":[{\"@type\":\"ReadAction\",\"target\":[\"https:\\\/\\\/atelierlabarbue.com\\\/index.php\\\/restauration-coiffeuse-des-annees-30\\\/\"]}]},{\"@type\":\"ImageObject\",\"inLanguage\":\"fr-FR\",\"@id\":\"https:\\\/\\\/atelierlabarbue.com\\\/index.php\\\/restauration-coiffeuse-des-annees-30\\\/#primaryimage\",\"url\":\"https:\\\/\\\/atelierlabarbue.com\\\/wp-content\\\/uploads\\\/2025\\\/01\\\/IMG_20250128_094458_543.jpg\",\"contentUrl\":\"https:\\\/\\\/atelierlabarbue.com\\\/wp-content\\\/uploads\\\/2025\\\/01\\\/IMG_20250128_094458_543.jpg\",\"width\":480,\"height\":640},{\"@type\":\"BreadcrumbList\",\"@id\":\"https:\\\/\\\/atelierlabarbue.com\\\/index.php\\\/restauration-coiffeuse-des-annees-30\\\/#breadcrumb\",\"itemListElement\":[{\"@type\":\"ListItem\",\"position\":1,\"name\":\"Accueil\",\"item\":\"https:\\\/\\\/atelierlabarbue.com\\\/\"},{\"@type\":\"ListItem\",\"position\":2,\"name\":\"Restauration coiffeuse des ann\u00e9es 30\"}]},{\"@type\":\"WebSite\",\"@id\":\"https:\\\/\\\/atelierlabarbue.com\\\/#website\",\"url\":\"https:\\\/\\\/atelierlabarbue.com\\\/\",\"name\":\"Atelier la barbue\",\"description\":\"Restauration de meubles anciens, \u00e9b\u00e9nisterie, cr\u00e9ation de bijoux bois bijoux\",\"publisher\":{\"@id\":\"https:\\\/\\\/atelierlabarbue.com\\\/#organization\"},\"potentialAction\":[{\"@type\":\"SearchAction\",\"target\":{\"@type\":\"EntryPoint\",\"urlTemplate\":\"https:\\\/\\\/atelierlabarbue.com\\\/?s={search_term_string}\"},\"query-input\":{\"@type\":\"PropertyValueSpecification\",\"valueRequired\":true,\"valueName\":\"search_term_string\"}}],\"inLanguage\":\"fr-FR\"},{\"@type\":\"Organization\",\"@id\":\"https:\\\/\\\/atelierlabarbue.com\\\/#organization\",\"name\":\"Atelier la barbue\",\"url\":\"https:\\\/\\\/atelierlabarbue.com\\\/\",\"logo\":{\"@type\":\"ImageObject\",\"inLanguage\":\"fr-FR\",\"@id\":\"https:\\\/\\\/atelierlabarbue.com\\\/#\\\/schema\\\/logo\\\/image\\\/\",\"url\":\"https:\\\/\\\/atelierlabarbue.com\\\/wp-content\\\/uploads\\\/2023\\\/08\\\/favicon2.png\",\"contentUrl\":\"https:\\\/\\\/atelierlabarbue.com\\\/wp-content\\\/uploads\\\/2023\\\/08\\\/favicon2.png\",\"width\":512,\"height\":512,\"caption\":\"Atelier la barbue\"},\"image\":{\"@id\":\"https:\\\/\\\/atelierlabarbue.com\\\/#\\\/schema\\\/logo\\\/image\\\/\"},\"sameAs\":[\"https:\\\/\\\/www.facebook.com\\\/profile.php?id=100090210846448\",\"https:\\\/\\\/www.instagram.com\\\/atelierlabarbue\\\/\"]}]}<\/script>\n<!-- \/ Yoast SEO plugin. -->","yoast_head_json":{"title":"Restauration coiffeuse des ann\u00e9es 30 - Atelier la barbue","description":"Une restauration pour cette coiffeuse des ann\u00e9es 30 \u00e9tait bien m\u00e9rit\u00e9e. En effet, son parcours est originale, j'ai eu l'occasion de la r\u00e9cup\u00e9rer via une ressourceriez du cin\u00e9ma.Les tournages on eu raison d'elle, puisqu'elle \u00e0 du subir l'humidit\u00e9, la manutention, le stockage...","robots":{"index":"index","follow":"follow","max-snippet":"max-snippet:-1","max-image-preview":"max-image-preview:large","max-video-preview":"max-video-preview:-1"},"canonical":"https:\/\/atelierlabarbue.com\/index.php\/restauration-coiffeuse-des-annees-30\/","og_locale":"fr_FR","og_type":"article","og_title":"Restauration coiffeuse des ann\u00e9es 30 - Atelier la barbue","og_description":"Une restauration pour cette coiffeuse des ann\u00e9es 30 \u00e9tait bien m\u00e9rit\u00e9e. En effet, son parcours est originale, j'ai eu l'occasion de la r\u00e9cup\u00e9rer via une ressourceriez du cin\u00e9ma.Les tournages on eu raison d'elle, puisqu'elle \u00e0 du subir l'humidit\u00e9, la manutention, le stockage...","og_url":"https:\/\/atelierlabarbue.com\/index.php\/restauration-coiffeuse-des-annees-30\/","og_site_name":"Atelier la barbue","article_publisher":"https:\/\/www.facebook.com\/profile.php?id=100090210846448","article_modified_time":"2026-02-27T09:31:38+00:00","og_image":[{"width":480,"height":640,"url":"https:\/\/atelierlabarbue.com\/wp-content\/uploads\/2025\/01\/IMG_20250128_094458_543.jpg","type":"image\/jpeg"}],"twitter_card":"summary_large_image","twitter_misc":{"Dur\u00e9e de lecture estim\u00e9e":"3 minutes"},"schema":{"@context":"https:\/\/schema.org","@graph":[{"@type":"WebPage","@id":"https:\/\/atelierlabarbue.com\/index.php\/restauration-coiffeuse-des-annees-30\/","url":"https:\/\/atelierlabarbue.com\/index.php\/restauration-coiffeuse-des-annees-30\/","name":"Restauration coiffeuse des ann\u00e9es 30 - Atelier la barbue","isPartOf":{"@id":"https:\/\/atelierlabarbue.com\/#website"},"primaryImageOfPage":{"@id":"https:\/\/atelierlabarbue.com\/index.php\/restauration-coiffeuse-des-annees-30\/#primaryimage"},"image":{"@id":"https:\/\/atelierlabarbue.com\/index.php\/restauration-coiffeuse-des-annees-30\/#primaryimage"},"thumbnailUrl":"http:\/\/atelierlabarbue.com\/wp-content\/uploads\/2025\/01\/IMG_20250128_094458_543.jpg","datePublished":"2025-01-28T09:39:23+00:00","dateModified":"2026-02-27T09:31:38+00:00","description":"Une restauration pour cette coiffeuse des ann\u00e9es 30 \u00e9tait bien m\u00e9rit\u00e9e. En effet, son parcours est originale, j'ai eu l'occasion de la r\u00e9cup\u00e9rer via une ressourceriez du cin\u00e9ma.Les tournages on eu raison d'elle, puisqu'elle \u00e0 du subir l'humidit\u00e9, la manutention, le stockage...","breadcrumb":{"@id":"https:\/\/atelierlabarbue.com\/index.php\/restauration-coiffeuse-des-annees-30\/#breadcrumb"},"inLanguage":"fr-FR","potentialAction":[{"@type":"ReadAction","target":["https:\/\/atelierlabarbue.com\/index.php\/restauration-coiffeuse-des-annees-30\/"]}]},{"@type":"ImageObject","inLanguage":"fr-FR","@id":"https:\/\/atelierlabarbue.com\/index.php\/restauration-coiffeuse-des-annees-30\/#primaryimage","url":"https:\/\/atelierlabarbue.com\/wp-content\/uploads\/2025\/01\/IMG_20250128_094458_543.jpg","contentUrl":"https:\/\/atelierlabarbue.com\/wp-content\/uploads\/2025\/01\/IMG_20250128_094458_543.jpg","width":480,"height":640},{"@type":"BreadcrumbList","@id":"https:\/\/atelierlabarbue.com\/index.php\/restauration-coiffeuse-des-annees-30\/#breadcrumb","itemListElement":[{"@type":"ListItem","position":1,"name":"Accueil","item":"https:\/\/atelierlabarbue.com\/"},{"@type":"ListItem","position":2,"name":"Restauration coiffeuse des ann\u00e9es 30"}]},{"@type":"WebSite","@id":"https:\/\/atelierlabarbue.com\/#website","url":"https:\/\/atelierlabarbue.com\/","name":"Atelier la barbue","description":"Restauration de meubles anciens, \u00e9b\u00e9nisterie, cr\u00e9ation de bijoux bois bijoux","publisher":{"@id":"https:\/\/atelierlabarbue.com\/#organization"},"potentialAction":[{"@type":"SearchAction","target":{"@type":"EntryPoint","urlTemplate":"https:\/\/atelierlabarbue.com\/?s={search_term_string}"},"query-input":{"@type":"PropertyValueSpecification","valueRequired":true,"valueName":"search_term_string"}}],"inLanguage":"fr-FR"},{"@type":"Organization","@id":"https:\/\/atelierlabarbue.com\/#organization","name":"Atelier la barbue","url":"https:\/\/atelierlabarbue.com\/","logo":{"@type":"ImageObject","inLanguage":"fr-FR","@id":"https:\/\/atelierlabarbue.com\/#\/schema\/logo\/image\/","url":"https:\/\/atelierlabarbue.com\/wp-content\/uploads\/2023\/08\/favicon2.png","contentUrl":"https:\/\/atelierlabarbue.com\/wp-content\/uploads\/2023\/08\/favicon2.png","width":512,"height":512,"caption":"Atelier la barbue"},"image":{"@id":"https:\/\/atelierlabarbue.com\/#\/schema\/logo\/image\/"},"sameAs":["https:\/\/www.facebook.com\/profile.php?id=100090210846448","https:\/\/www.instagram.com\/atelierlabarbue\/"]}]}},"_links":{"self":[{"href":"https:\/\/atelierlabarbue.com\/index.php\/wp-json\/wp\/v2\/pages\/1698","targetHints":{"allow":["GET"]}}],"collection":[{"href":"https:\/\/atelierlabarbue.com\/index.php\/wp-json\/wp\/v2\/pages"}],"about":[{"href":"https:\/\/atelierlabarbue.com\/index.php\/wp-json\/wp\/v2\/types\/page"}],"author":[{"embeddable":true,"href":"https:\/\/atelierlabarbue.com\/index.php\/wp-json\/wp\/v2\/users\/1"}],"replies":[{"embeddable":true,"href":"https:\/\/atelierlabarbue.com\/index.php\/wp-json\/wp\/v2\/comments?post=1698"}],"version-history":[{"count":3,"href":"https:\/\/atelierlabarbue.com\/index.php\/wp-json\/wp\/v2\/pages\/1698\/revisions"}],"predecessor-version":[{"id":1953,"href":"https:\/\/atelierlabarbue.com\/index.php\/wp-json\/wp\/v2\/pages\/1698\/revisions\/1953"}],"wp:attachment":[{"href":"https:\/\/atelierlabarbue.com\/index.php\/wp-json\/wp\/v2\/media?parent=1698"}],"curies":[{"name":"wp","href":"https:\/\/api.w.org\/{rel}","templated":true}]}}